te w(y).
-6
Let b be (-1254)/60 + 5 + (-14)/140. Let d(i) = i**2 + 20*i + 64. Calculate d(b).
0
Let b(c) = c - 8. Let m be b(18). Let f(x) = -500*x + 999*x - x**2 - 505*x - m + 2*x**2. Give f(7).
-3
Let t = 15228 - 15237. Let v(s) be the third derivative of s**5/60 + 3*s**4/8 + 7*s**3/6 - s**2. Determine v(t).
7
Let v = 8 - 10. Let j be ((2/1)/v)/1. Let o(n) = 5211*n + 5207*n - 10413*n. What is o(j)?
-5
Let k(i) = -21*i**3 + 59 - 102 - i + 3*i**3 + 42. Suppose 0 = -m - 6 + 5. Give k(m).
18
Let y(c) = -13*c**2 - 6*c - 21. Let m(l) = 7*l**2 + 3*l + 11. Let i(o) = -11*m(o) - 6*y(o). Suppose 4*a - 1 = 3*v, 3*v + 67 = -a + 41. What is i(a)?
15
Let p(s) = -s + 50. Let t(i) = -2*i + 260. Let a(k) = -5*p(k) + t(k). Give a(3).
19
Let b(g) be the first derivative of g**7/840 + g**5/120 - 5*g**4/24 - 188*g**3/3 + 9. Let o(v) be the third derivative of b(v). Determine o(3).
25
Let g(y) = -3*y + 11. Suppose -3*m + 3*n - 208 = -250, -5*n - 30 = -m. Calculate g(m).
-19
Let x be 88/20*((-170)/(-24))/17. Let d(r) be the second derivative of 0 + 0*r**2 + 30*r - x*r**3. Calculate d(-1).
11
Suppose 2*r = -3*y + 988 + 5, 3*y = r - 492. Let q(v) = 498*v - 988*v + r*v + 5. Determine q(-5).
-20
Let a(u) = 8*u - 37715*u**2 - 17 + 37722*u**2 + 9*u. Let g(t) = 12*t**2 + 33*t - 32. Let w(i) = 7*a(i) - 4*g(i). Give w(10).
-21
Let y(c) = c**3 - 2 + 72*c + 269*c**2 - 477*c**2 + 2 + 230*c**2. What is y(-18)?
0
Suppose -1 = 3*g + 4*p + 3, -3*p + 6 = 0. Let r(c) = 3*c**2 + 4*c - 1. Give r(g).
31
Suppose 4*i - 85 = 3*p, 4*p - 8 + 114 = 5*i. Suppose -11*g = -11 - i. Suppose -4*r + z - 18 = g*z, 5*z = -4*r - 27. Let k(s) = -s**2 - 2*s - 1. What is k(r)?
-4
Let p(d) = d + 29. Let x be p(-23). Let t(m) = 32*m**2 - 3*m + 1 - x - 4*m - 33*m**2. Calculate t(-6).
1
Let q(f) = 3*f. Let b(h) = h**2 + 3*h - 7. Let r = -138 + 134. Let w be b(r). Give q(w).
-9
Suppose 11*o - 24 = 31. Let k(g) = 8*g - 8. Let s(z) = -9*z + 9. Let r(y) = -3*k(y) - 2*s(y). Give r(o).
-24
Let a = 108 - 94. Suppose -142*n + a = -149*n. Let p(c) = -13*c - 1. Calculate p(n).
25
Let r(u) = 9*u**2 + 4*u + 3. Let w(x) = -112*x**2 - 49*x - 38. Let y(a) = -25*r(a) - 2*w(a). Let b = -8 - -5. Calculate y(b).
-2
Let o(y) = 23*y - 43. Let p(n) = 11*n - 22. Let b(l) = 6*o(l) - 13*p(l). Let z be b(5). Let v(t) = 3 - 2*t - t - t**3 + 2*t - z*t**2. What is v(-3)?
6
Let c(r) be the third derivative of -r**6/120 - 3*r**5/20 - 7*r**4/24 + 11*r**3/6 - r**2. Let k(z) = -8*z**2 + 126*z + 316. Let u be k(18). Determine c(u).
3
Let f(u) = -u**3 + 4*u**2 + 5*u + 1. Let q be 20*(3/(-2) + 2). Let n(p) = 7*p - 68. Let t be n(q). Let v be 6 - (6 - t)/4. Give f(v).
1
Let d(c) = -12*c - 25. Suppose 5*z - 39 = 3*w, 80*z - 78*z - 5*w - 27 = 0. Calculate d(z).
-97
Let l = -3 - -9. Suppose 0 = l*y + 10 + 14. Let j(r) = -6 + 0 + 244*r - 248*r. Give j(y).
10
Let s(r) be the second derivative of -r**4/12 - 4*r**3/3 - 9*r**2/2 + 454*r. Suppose -3*w - 12 = -w. What is s(w)?
3
Suppose -43*o = -68*o + 100. Suppose 15 = 3*r - 2*f - 0, o*f - 19 = -r. Let d(t) = -t**3 + 8*t**2 - 8*t + 5. Give d(r).
-2
Let s be (6/24 - -2)*(-32)/12. Let o(j) = 2*j**2 + 5 + 6*j + 0*j**2 - j**2. Give o(s).
5
Let i(r) be the second derivative of 19 + 3*r + 1/2*r**2 + 0*r**4 - 1/3*r**3 - 7/20*r**5. Calculate i(1).
-8
Let g(v) = 49*v - 2. Let l be 40/10 - (-5)/(-1). Calculate g(l).
-51
Let m be 1/(-4) + (-70)/8. Let c be (-9*3/m)/(3/2). Let s(z) be the third derivative of z**6/120 - z**5/15 + z**3/6 + 2*z**2. Determine s(c).
-7
Let d(s) = -2*s**2 - 39*s - 168. Let w = -22399 + 22386. Calculate d(w).
1
Let l(o) = -2*o + o - 3*o - 22. Suppose 3*h + 454*g - 459*g + 32 = 0, -2*g - 16 = 2*h. Calculate l(h).
14
Suppose 0 = u + 74 + 439. Let q = 517 + u. Let c(k) = -3*k**3 + 0*k**2 - k - 4*k**3 - 2 + 3*k**2 + 6*k**3. Calculate c(q).
-22
Let a(y) = -4*y - 30 + 2*y**3 + 98 - 38 - y**3 - 4*y**2 - 24. Suppose 4*p - 20 = -l, p - 1 - 4 = -3*l. Give a(p).
11
Let r(o) = 4*o - 1 + 6*o - 22*o + 13*o + 10*o. Let i(q) = q**3 - 5*q**2 + 7*q - 9. Let m be i(4). What is r(m)?
32
Suppose 4*i = 2*n + 54, 39 = -11*n + 9*n + i. Let p(k) = -k**3 - 17*k**2 + 2*k + 4. Determine p(n).
-30
Suppose 4*y - 5*d - 48 = -9*d, 5*y - d = 24. Let b(x) be the third derivative of 0*x - y*x**2 - 1/12*x**4 + 0 + 5/6*x**3 - 1/60*x**5. Determine b(-6).
-19
Let u(m) be the first derivative of -3*m**2/2 - m - 2. Let w be (2 + -5 - -3) + 4. Let i(q) = -q**2 + 39*q - 141. Let a be i(w). What is u(a)?
2
Let n(p) = p**3 - 6*p**2 + 6*p + 1. Let u be n(5). Let z(t) = -2*t - 13. Let y(x) = -3*x - 18. Let l(g) = -3*y(g) + 4*z(g). What is l(u)?
8
Let u(q) be the third derivative of -q**7/1260 + q**6/720 + 17*q**5/30 - 33*q**2. Let n(d) be the third derivative of u(d). Calculate n(-3).
13
Let q(y) = y**3 - 27 + 16 - 9*y - 5*y + 7*y + 6*y + 27*y**2. Calculate q(-27).
16
Let g(j) = 9*j + 101. Let r(s) = -s + 34. Let b(p) = -g(p) + r(p). Determine b(-8).
13
Let c(x) = -x**3 + 8*x**2 - x + 2. Suppose -11*m + 190 = -6*m. Suppose -5*b + m = v, -5*v + 6 + 16 = 4*b. What is c(b)?
-6
Let l(v) = 4*v - 32. Let f(k) = -199*k + 2167. Let m be f(11). Give l(m).
-120
Let u(n) = -17. Let c(d) = -47*d - 1008. Let y(v) = -c(v) + 4*u(v). Determine y(-20).
0
Let a(v) = 6*v + 65. Let f(t) = -2*t**2 - 397*t + 987. Let l be f(-201). Give a(l).
-43
Let w be (-1)/4 - (-4)/16. Suppose 0*c - 5*c - 10 = w. Let k(q) = -4*q - 32. Let z(p) = 9*p + 79. Let s(o) = 5*k(o) + 2*z(o). Calculate s(c).
2
Let y be (-2)/(-5) - (-764)/(-10). Let k = y - -83. Let h(q) = 4*q - 7. Calculate h(k).
21
Let f(t) be the third derivative of 0 + 0*t - 4/3*t**3 + 1/360*t**6 + 9*t**2 - 1/15*t**5 + 1/3*t**4. Let j(i) be the first derivative of f(i). Give j(6).
-4
Suppose -618*b + 117 = -7*x - 614*b, 0 = 5*x + 3*b + 66. Let n(m) = 3*m + 55. What is n(x)?
10
Let m(w) be the third derivative of -w**6/60 - w**5/4 - 7*w**4/24 + 5*w**3/3 - 290*w**2. Give m(-7).
10
Let x(f) = f**3 - 8*f**2 - 4*f + 11. Let q(p) = p + 14. Let v be q(-8). Suppose -v*t - 87 = -135. Calculate x(t).
-21
Let b(q) = 47*q**3 + 24*q**2 - 3*q + 20. Let z(y) = -19*y**3 - 11*y**2 + y - 10. Let r(f) = -2*b(f) - 5*z(f). Calculate r(-5).
55
Suppose 117*n + 5 = 4*a + 122*n, -2*n - 1 = a. Let j(o) = 6*o + 9. Give j(a).
39
Let x(s) = -7*s**2 + 12*s - 25. Let o(j) = 15*j**2 - 28*j + 49. Let f(g) = 6*o(g) + 13*x(g). Calculate f(-10).
-11
Let t(v) be the first derivative of -2*v**2 + 5*v - 855. Give t(-4).
21
Let p(d) = -2*d**3 + 85*d**2 - 42*d + 15. Let g be ((-254)/381)/((-1)/63 + 0). Calculate p(g).
15
Let i(v) = -48*v + 9. Let a(x) = 2*x - 3. Let l(p) = 3*a(p) + i(p). Calculate l(-1).
42
Let b(d) = 2*d + 3. Let r(n) = -19*n**2 + 15*n - 72. Let t be r(7). Let c = 896 + t. Calculate b(c).
-1
Let j(o) = o**2 - 16*o - 17. Suppose -36 = -3*v - 6*v. Suppose -341 = v*x - 409. Calculate j(x).
0
Let t(y) = 17*y - 37. Let k(x) = 24*x - 45. Let u(b) = -3*k(b) + 4*t(b). Calculate u(-6).
11
Let c = 196852 + -196844. Let q(r) = 4 + 11 - 9*r - 1 + r**2. Give q(c).
6
Let z(m) be the first derivative of m**3/3 + 5*m**2 + 12*m - 3283. Determine z(-2).
-4
Let w(z) = 502*z - 3008. Let v be w(6). Let i(x) = x**2 + 11*x - 26. Calculate i(v).
34
Let m(l) = -8*l**3 + 34*l**2 - 3*l - 9. Let y be m(4). Let i(f) = f**3 - 11*f**2 + 4*f - 51. Calculate i(y).
-7
Let r(i) = -43 - i + 2*i + 23 + 22 + 0*i. Suppose 2*k + 2*q = 0, 2*k - q = 7*k - 12. Let b(d) = -d + 1. Let n be b(k). What is r(n)?
0
Let c(d) = -3*d - 31. Let z be c(-13). Let v(n) = 3*n**2 + 6*n - 6. Let k(h) = -7*h**2 - 11*h + 12. Let x(a) = -4*k(a) - 9*v(a). Calculate x(z).
-10
Let t(b) = -b**3 + 6*b**2 + 3. Let i be t(6). Suppose -i = n + h - 3*h, -n = -5*h + 12. Let q(c) = 8 - 3*c + n*c - c - 7. Calculate q(5).
-4
Let i = 40886 + -40881. Let v(u) = -23*u + 115. Determine v(i).
0
Let y(j) = j**3 + j**2 - 5*j + 1. Let g be y(-3). Let u(l) = -l**2 + 2*l - 4. Let w(r) = -3*r**2 + 3*r - 8. Let b(f) = g*w(f) + 5*u(f). Give b(3).
17
Let a(h) = 2*h + 26. Let k(j) = 3*j**2 - 13*j - 143. Let i(w) = -5*a(w) - k(w). What is i(-3)?
-23
Let w(l) = 2 - 8*l + 6*l + 5*l - 1. Let a be w(2). Let g(f) = -3*f + 4 + a*f - 6*f. Calculate g(5).
-6
Suppose -18*d + 7 - 79 = 0. Let m(h) = -29*h - 130. Determine m(d).
-14
Let h be (10/(-6))/(2/120*-4). Let r(j) = -j**2 + 26*j - 8. What is r(h)?
17
Suppose 5*x + 6 = 16